 are the prime factors of (-1)/(4/(-152)*t)?
2, 19
Let n(r) = 7*r**3 + r**2 - 3*r + 62. List the prime factors of n(17).
113, 307
Suppose -4 = -0*g - g. Suppose 29*t = 2*l + 30*t - 5, l = 4*t - 2. Suppose -4*i + 4 = -g*f - 24, -14 = -l*i - 4*f. What are the prime factors of i?
7
Suppose 4*m - 8 = -4*u + 4, 0 = u + 5*m + 5. Let z(y) = y**2 + 0*y**2 + 384*y + y**2 + 5 - 373*y. What are the prime factors of z(u)?
2, 5, 11
Let n = -13967 - -42077. List the prime factors of n.
2, 3, 5, 937
Let q(t) = -2*t**3 + 298*t**2 + 380*t + 432. What are the prime factors of q(150)?
2, 3, 7, 37
Let v(m) = -13*m**3 - m**2 - m - 4. Let u(g) = -64*g**3 - 6*g**2 - 6*g - 20. Let o = -31 - -33. Let c(a) = o*u(a) - 11*v(a). What are the prime factors of c(2)?
2, 59
Let s(t) = -12*t**3 - 5*t**2 - 2*t + 14. Suppose -5*d - 35 = -20. List the prime factors of s(d).
13, 23
What are the prime factors of -9 - 79376/(-40) - (2 + (-52)/20)?
2, 13, 19
Suppose 0 = 3*c + 3*l - 12, 0 = -3*c - c - 2*l + 16. Let o be (c - (-2 + 4))*2. Suppose 6*t - 3*t - 281 = q, -90 = -t + o*q. List the prime factors of t.
2, 47
Let b(o) = 4*o**3 - 10*o**2 - 1. Let c be b(7). Suppose 1274 = 3*x + 5*t, -2*x + 0*t = -3*t - c. List the prime factors of x.
433
Suppose -726 = -10*n + 114. Let o = n - 80. Suppose -5*z + 63 = j, -7*j + o*z + 189 = -4*j. What are the prime factors of j?
3, 7
List the prime factors of 8/80 + 810529/10 + 16.
3, 61, 443
Suppose -188137 = -26*s + 71057. What are the prime factors of s?
3, 3323
Let s(a) = -7*a**2 + 6*a + 3. Let n be s(-1). What are the prime factors of 25/10*(412/n)/(-1)?
103
Suppose 0*h + 1119 = h + 3*i, -4*h - 4*i + 4492 = 0. Suppose 0 = 5*k + g - 0*g - h, -2*k - 3*g + 450 = 0. List the prime factors of k.
3, 5
Suppose 767580 - 2105254 = -26*f. What are the prime factors of f?
51449
Let g(w) = w**2 + 5*w - 5. Suppose 0 = -5*d - 5*p - 85, -d + 0*p - 11 = -2*p. What are the prime factors of g(d)?
5, 29
Let i(n) = n**3 + 21*n**2 + 40*n - 36. Let b be i(-19). List the prime factors of b/(-4 + 784/200).
5, 37
Let k = 16584 - 10409. What are the prime factors of k?
5, 13, 19
What are the prime factors of 76012 + 1 + -1 + (30 - (6 + 16))?
2, 3, 5, 7, 181
Let b(r) = -r**2 - 29*r + 208. Let y be (5 + (-3)/4)/((-3)/24). What are the prime factors of b(y)?
2, 19
Let z be -4 - 150/(-35) - 26/(-7). Suppose z*g - 3*g - 344 = -4*x, 2*x = -6. List the prime factors of g.
2, 89
Let q(i) = 34*i**2 - 437*i - 3984. What are the prime factors of q(-9)?
3, 17, 53
Suppose -3*k + 12 = -0, 3*x + 4*k = 460. Let i = x - 101. Let c = 129 - i. What are the prime factors of c?
2, 41
Let r = -238 - -240. Suppose 0 = -4*z - 2*h + 1130, -4*z - r*h - 285 = -5*z. List the prime factors of z.
283
Let l = -114 + 117. Suppose 0 = -l*x - 2*u + 1063, 816 + 253 = 3*x + 5*u. List the prime factors of x.
353
Suppose -1529*f - 7752 = -1535*f. Let h = -106 + f. List the prime factors of h.
2, 593
Suppose 40*d - 1019739 - 301815 = -38*d. What are the prime factors of d?
16943
Let a = -6287 + 14386. What are the prime factors of a?
7, 13, 89
Suppose -21*u = 93 - 1857. Suppose -u = -3*i - i. List the prime factors of i.
3, 7
Suppose 4*j - 75950 - 865 = -j. List the prime factors of j.
3, 569
Let m be -1 + (-23)/(((-2)/(-82))/(-1)). Suppose -31 = g - 4*f - 289, -2*f = 4*g - m. Let u = g - 143. List the prime factors of u.
5, 19
Suppose 76 - 86 = -10*k. What are the prime factors of 796 - k/(1/1)?
3, 5, 53
Let k(c) = -14*c**2 - 937*c + 45. List the prime factors of k(-52).
7, 1559
Let t = 5976 - -3834. What are the prime factors of t?
2, 3, 5, 109
Let i be 11/((-98)/20 + 5). Suppose b + q = 45, q - 20 + i = 2*b. List the prime factors of b.
3, 5
Let f(y) = 4*y**2 - y + 2. Let v = 1 - 6. Let u(k) = 5*k**2 + 1. Let t(h) = v*f(h) + 6*u(h). List the prime factors of t(-4).
2, 17
Let v = 18705 + -10758. What are the prime factors of v?
3, 883
Suppose c = o - 134, -4*c = -2*o - 0*o + 264. Let v = o + -77. Suppose i - v = 3. List the prime factors of i.
2, 31
Let p(z) = 24585*z - 271 - 111 - 24805*z. What are the prime factors of p(-7)?
2, 3, 193
Suppose 0 = 8*n - 14*n + 12. Let v(o) = -5*o + 1. Let d be v(1). List the prime factors of 97/(d + 3 + n).
97
Suppose 5*n - 2*b - 26865 = 0, 14*n - 19*n = 4*b - 26835. What are the prime factors of n?
41, 131
Suppose -10*z = -5*z - 25, x = z + 7. Let w(q) = 30*q - 12. What are the prime factors of w(x)?
2, 3, 29
Suppose 31*l + 26*l - 631672 = 11*l. List the prime factors of l.
2, 3433
Suppose 5*a = -10, -5 = 5*t + 4*a + 3. Suppose 3*o - 5*i - 25 = 0, -o - 2*i - 5 - 5 = t. Suppose -4*v + 26 - 10 = o. What are the prime factors of v?
2
Let x(v) = -10*v**2 - 12*v + 14. Let g be x(3). List the prime factors of (-12)/(2 + 2) - g/1.
109
Suppose -3*y = 4*u - 47, -46*y - 4*u = -47*y + 5. Let a(g) = 33*g + 71. Let c(k) = -16*k - 35. Let b(i) = -2*a(i) - 5*c(i). List the prime factors of b(y).
5, 43
Suppose -5*v + 5*p + 123410 = 0, 4*p + 74037 = -3*v + 6*v. What are the prime factors of v?
24691
Suppose -2431862 = 3608*h - 3645*h. What are the prime factors of h?
2, 59, 557
Let m(y) = -15*y**3 + 13*y**2 - 24*y - 9. Let h(c) = 7*c**3 - 7*c**2 + 12*c + 4. Let r(u) = 9*h(u) + 4*m(u). List the prime factors of r(7).
2, 7, 41
List the prime factors of (-4)/(2055/1548 - (-140)/(-105)).
2, 43
Let t(l) = 7*l**2 + 9*l + 14. Let g be t(-5). Suppose 149*n = g*n + 2110. List the prime factors of n.
2, 211
Let k(r) = 6*r + 38. Let p(y) = 5*y + 38. Let o(n) = -4*k(n) + 5*p(n). Let w be o(-6). List the prime factors of -4*(-2 - (-116)/w)*-34.
13, 17
Suppose -2*j - 3 + 11 = 0. Let h(z) = -1 + 2667*z + 13 - 2628*z. List the prime factors of h(j).
2, 3, 7
Let o(s) = 6*s**3 + 5*s**2 - 14*s - 2. Let t be o(4). Let a = t + 81. What are the prime factors of a?
487
Let w = 971 + 1872. Suppose 4*i - 481 = w. What are the prime factors of i?
3, 277
Let r be -312*(-1*5)/((-20)/(-30)). Suppose -11*g + 7*g + r = 0. What are the prime factors of g?
3, 5, 13
Suppose 3*b - 6 = -3*o, 4*b = -4*o + 5*o - 27. Suppose 1910 = o*z - 1058. List the prime factors of z.
2, 53
Let p be -1 + (0/(-5 + 4) - -2). Let m be p*(4 + -2 - -2). Suppose 0 = m*a - 175 - 661. List the prime factors of a.
11, 19
Let q be ((-2)/(-24)*4)/((-2)/12). Let f be q/(-3) + 499/3. Suppose 4*j - 5*j - 2*o + 82 = 0, -2*j - 3*o = -f. List the prime factors of j.
2, 11
Let u = -7128 + 12653. List the prime factors of u.
5, 13, 17
Let z = 109 - 107. Let d(i) = -i**3 - 2*i**2 + 5*i - 3. Let l be d(z). What are the prime factors of 1068/l*(-12)/8?
2, 89
Suppose 28 = -5*q + 28. Suppose p - 284 = -3*o, 4*o - 5*p - 48 - 299 = q. Suppose 5*s = r - o, -s + 0*s + 517 = 5*r. What are the prime factors of r?
103
Let u be ((-28)/(-12) + -2)*-15. Let k be 1 - 2 - (u + 0). Suppose -47 + 11 = -2*r - 4*g, -4*g + 92 = k*r. List the prime factors of r.
2, 7
Suppose 5*q = 0, r - 14989 = 58*q - 59*q. What are the prime factors of r?
13, 1153
Let b be 1/6 + 3103/(-6). Let g = -1347 - b. List the prime factors of g/(-35) - (-4)/14.
2, 3
Suppose 1990 = 5*n + 2*x, 2*x + 69 = 4*n - 1541. What are the prime factors of n?
2, 5
Suppose 0*d - 4*f = 2*d - 12, -2*f = -4. Suppose -4 = u, 3*u = d*h - 0*u - 152. List the prime factors of h.
2, 5, 7
List the prime factors of ((-1710)/(-950))/((-1)/(-1930)).
2, 3, 193
Let i(m) = -m**3 + 3*m**2 - 4*m + 4. Let d be i(0). Suppose d*v - 4343 + 1332 = -5*p, -3*p = -2*v + 1533. What are the prime factors of v?
3, 11, 23
Let l be -3 + 285/55 - (-2)/(-11). Suppose -z - 5*s + l*s - 305 = 0, -5*z - 1461 = -s. Let f = 562 + z. What are the prime factors of f?
269
Suppose 0 = 65*y - 802557 - 266758. List the prime factors of y.
16451
Let q(s) = 3*s - 28. Let k(b) = -4*b + 28. Let a(z) = 5*k(z) + 6*q(z). Let w be a(-15). Suppose 3*u + w*u - 480 = 0. What are the prime factors of u?
2, 3
List the prime factors of (27/(-54))/(2/234264)*2/(-4).
3, 43, 227
Suppose -3*f + 2*k - 16 = -6*f, k + 18 = 5*f. Suppose -f*c - 7*x - 237 = -2*x, 3*c = x - 173. Let n = 15 - c. What are the prime factors of n?
73
Let h = 3096 - 2983. Let t = 1 - -2. Suppose 5*b - 625 = 2*s, -t*s + 283 = 3*b - h. List the prime factors of b.
127
Suppose 4*u = 4, -4*u - 405 = -5*o + 206. Suppose l - o = -0*l - 2*z, 4*l - 504 = 4*z. What are the prime factors of l/(-25)*(1 - (-194